*d + 2. What is the units digit of w(q)?
2
Suppose -2*v + 13 = -w, -10 = 3*w - 1. Let c = v + 0. Suppose -2*n + 4*m = -5 - 5, -11 = -c*n - 4*m. What is the units digit of n?
3
Let d(j) = -j**3 + 5*j**2 - 3*j. Let z be d(4). Suppose 0 = 2*w - 4*i + 4, 2 = z*w + 3*i - 1. Let u = w + 2. What is the units digit of u?
2
Let g(a) = -10*a - 1. Let p be 2/(-14) - (-12)/(-14). What is the units digit of g(p)?
9
Suppose -2*i - 2 = -2*r, -3*r - 2*i - 1 = -14. Suppose -r - 5 = 4*k, 32 = 3*p - 4*k. Let y = p + 2. What is the tens digit of y?
1
Let l(u) = 3*u**3 - 2*u**2 - 2. Let h be l(-2). Let x = h + 50. What is the tens digit of x?
1
Suppose 4*l - 936 = -216. What is the hundreds digit of l?
1
Let b = -8 - -14. Let d(h) be the third derivative of h**4/24 - h**2. What is the units digit of d(b)?
6
Let i(q) = 5*q + 4 - 2 - 1 - 6*q**2 + q**3 + 0. What is the units digit of i(5)?
1
Let m(t) = 7*t - 2*t**2 - 13 + 3*t**2 - 2*t. What is the units digit of m(-10)?
7
Suppose 6*v - 3*v = 5*c - 13, 1 = -2*c - 5*v. Suppose -m = -c*s - 6, -4*m = 4*s + s - 50. Let t = m - 6. What is the units digit of t?
4
Suppose 0 = -3*f - 2 + 5, -4*u + 856 = 4*f. What is the units digit of u?
3
Let c(m) = 16*m + 1. Let g be c(1). Suppose -4*u + 11 = 3*a, 2*u - 4 = -6. Suppose g = o - a*v, -o = 2*o - 2*v - 12. What is the units digit of o?
2
Let x(s) = -2*s - 8. Let j be x(-4). Suppose 0*h - 78 = -3*w + 3*h, j = -4*w - 3*h + 125. What is the units digit of w?
9
Suppose -5*v = 3*c - 112, 2*c - 113 = -v - 4*v. Suppose -v - 1 = -2*j. What is the tens digit of j?
1
Let l be (4/5)/((-8)/120). What is the tens digit of -1*(-40)/l*-6?
2
Let i = -2 + 6. Suppose 2*k = i*k - b - 39, -k + 2*b + 12 = 0. What is the units digit of k?
2
Let r = -49 - -107. What is the units digit of r?
8
Suppose -5*i + 7*i = 4*c - 894, -12 = -4*i. What is the units digit of c?
5
Let b(i) = -i**3 - 5*i**2 + 6. Let n be b(-5). Let t(p) be the third derivative of p**5/60 - p**4/4 + p**3/2 + p**2. What is the units digit of t(n)?
3
Let n(t) = -9*t - 2. Let m(h) = -h**2 - 4*h + 3. Let o be m(-4). Let s be n(o). Let a = -18 - s. What is the tens digit of a?
1
Suppose 174 = -g + 4*g. What is the units digit of g?
8
Suppose z = -9 + 21. What is the units digit of z?
2
Suppose 2*d + 0*d = 3*v - 32, 3*v + 2*d - 40 = 0. What is the tens digit of v?
1
Let n = 16 - 14. What is the units digit of n*(-12)/(-3) - 0?
8
Let z(d) = -3*d**3 + 6*d**2 + 6*d. Let o(q) = q**3 - q**2 - q. Let b(c) = 6*o(c) + z(c). Let t be b(1). Suppose 0 = -p + 3 + t. What is the units digit of p?
6
Let m(a) = 2*a**2 + a + 1. Let f be m(-2). Suppose -d + f = -7. Suppose 3*v - 12 = 0, d = 5*j - 5*v - 26. What is the tens digit of j?
1
What is the tens digit of 10/8 - 1 - 789/(-12)?
6
Let h(m) = -9*m - 7. What is the hundreds digit of h(-19)?
1
Suppose -21 = -2*m - p, 3*m - 23 = m + p. Suppose 4*q = 5*g - m, -4*q + 16 = 4*g - 0*g. Suppose n = -u - g*u + 6, n - u - 16 = 0. What is the units digit of n?
4
Let l be (2 + -1)*4 - 1. Suppose -5*x = -0*x + 4*n + 50, -x = -5*n + 10. What is the units digit of (-2)/l*105/x?
7
Let c = -2 - -1. Let k be -13 + c*(-2 + 4). Let p = k - -22. What is the units digit of p?
7
Suppose 4*w - 3*l = -4*l - 4, 5*w + 5 = 4*l. Let o(i) = -8*i. What is the units digit of o(w)?
8
Let y = -7 - -15. Let s = 18 + y. What is the tens digit of s?
2
Let t(p) = -19*p**3 + p**2 + p + 1. Let o be (-2)/6 + 2/(-3). Let j be t(o). Suppose -r + j = 2*r + i, 5*r = -2*i + 33. What is the units digit of r?
7
Suppose -10 + 1 = -3*a. Suppose 4*t - a*m + 4*m - 276 = 0, -m = 2*t - 138. Suppose t = 4*k + 21. What is the units digit of k?
2
Suppose 3*o + 3*w - 43 = 131, 0 = -4*o + 2*w + 226. What is the units digit of o?
7
Let v = 180 - 87. What is the units digit of v?
3
Let v(g) = -2*g**3 + g**2 + 2*g + 1. Let z be v(-1). Let k(h) = 4*h + 6*h**2 - 4*h**2 - 7*h + 5*h - 1. What is the units digit of k(z)?
1
Let s(o) = -7*o + 0*o**2 + o**3 - 2*o**3 - 3 + 10*o**2. What is the units digit of s(9)?
5
Let q(d) = d - 4. Let w be q(4). Let k = w + 2. Suppose -6 = -k*j + j. What is the units digit of j?
6
Let r(t) = -t + 12. Let y be r(12). Suppose y = 4*q - 4 - 32. What is the units digit of q?
9
Let z(n) = n - 1. Let o(l) = 6*l + 5. Let t(u) = o(u) + 6*z(u). What is the tens digit of t(1)?
1
Let f(i) = -i + 9. Let w be f(7). Suppose -3*h = 9, -w*r + 3*h + 15 = -0*h. Suppose 5*p - 66 = -r*l, 5*p - 5*l - 60 = 2*p. What is the tens digit of p?
1
Suppose 0 = y, 0 = -2*g - 3*y + 5 + 3. Suppose g*m = -5*p - 21, -2*m + p + 1 = -6. Suppose 0 = -h + m. What is the units digit of h?
1
What is the units digit of 3 + -3 - (-31 - -4)?
7
Let y(f) = -f + 9. Let j be y(0). Suppose -3*q + 3 - j = 5*b, -4*q + 15 = -b. Let o = b + 4. What is the units digit of o?
1
Let b(m) = m**2 - 7*m + 5. Let a be b(7). Let s = 8 - a. Suppose -s*w + 9 = -0*w. What is the units digit of w?
3
Suppose 26 = 4*i - 46. Suppose 4*t + 0*z = -2*z + i, -3*z + 9 = 0. Suppose 4 = -t*h + 16. What is the units digit of h?
4
Let m = 25 - 18. Let g = m - -5. Suppose g = 2*f - 12. What is the tens digit of f?
1
Let u(l) = l**3 - 11*l**2 - 11*l - 8. Let n be u(12). Suppose 3*b = -n*b + 196. What is the tens digit of b?
2
Let q = -12 + 40. What is the units digit of q?
8
Let n(m) = m**2 - 12*m - 1. Let b(t) = -t. Let w(d) = 6*b(d) - n(d). What is the units digit of w(6)?
1
Suppose h + 2*p = -2*p + 12, -4*h - 3*p - 17 = 0. Let k = -4 - h. Suppose -k = 5*d - 19. What is the units digit of d?
3
Suppose 17 = 2*c - 4*p - 7, 4*p = -3*c - 14. Suppose 0 = g - 3*m - 9, 5*g + c*m = 3*g + 18. What is the units digit of g?
9
Let n be (4/(-8))/(2/(-12)). Suppose 0 = 5*r - 15, 0 = t + 2*r + n - 46. What is the tens digit of t?
3
Let f = 2 + 1. Suppose f*z = 3*x, -3*x = 2*x - z - 16. Suppose 2*v = 2*j - 1 - 9, j + x*v - 25 = 0. What is the units digit of j?
9
Suppose 3*k - 3*p + 27 = 0, 6*k + 5*p + 5 = k. Let f = -2 - k. Suppose -f*c = -8*c + 15. What is the units digit of c?
3
Let p be (-5 - -2) + 1 + 4. Suppose -4*q + 10 = 3*a, 3*q = -p*a + 5 + 1. What is the units digit of a?
6
Suppose -s - 1 + 3 = 0. Let l = s + 1. Suppose -l*g = -2*j + 55 - 8, -5*j - 3*g + 107 = 0. What is the tens digit of j?
2
Suppose -7*l + 2*l - d = -19, 4*d - 4 = 4*l. Let y(p) = 8*p + 1. What is the units digit of y(l)?
5
Suppose -67 = -2*p + s, 4*s - 47 = -p + 9*s. What is the tens digit of p?
3
Let l(b) = -5*b. Let n be l(-1). Suppose -2*s = -n*r - 89, -4*s + 0*s - 2*r + 166 = 0. Suppose 5*h - 3 - s = 0. What is the units digit of h?
9
Suppose v + 16 = -v + 5*m, m = -v - 1. Let c = v + 8. Suppose -c*p + 43 = 4*k, 0*p + 3*p - 30 = -3*k. What is the units digit of k?
7
What is the tens digit of 15 - (-1 - 0/1)?
1
Suppose -s + 45 = 4*s + 5*b, 5*s - 24 = 2*b. Let t = 13 - s. What is the units digit of t?
7
Let g(m) = m**2 - 4. What is the tens digit of g(-5)?
2
Suppose 8*o - 3*o = 20. Let f be 13 + (0/1 - -1). Suppose -3*d = -0*x + x - f, o = d. What is the units digit of x?
2
Suppose u - 4*u = -150. What is the units digit of u?
0
Let g(r) = r**2 + r. Let w be g(-3). Suppose -3*m = -2*p - w*m + 23, 4*m - 5 = p. What is the units digit of 21/p*22/6?
1
Let n(z) = -z + 4. Let q be n(3). Suppose 4*m = -p - 7, -3*m = -6*p + p + 34. What is the units digit of q*-3*8/m?
8
Suppose b - 4*b = -3*a - 24, 3*b - a - 24 = 0. Let k = 4 - b. Let p = k + 12. What is the units digit of p?
8
Let f(s) = s**3 + 5*s**2 + 2*s + 2. Let n be f(-5). Let y(u) = u**2 + 6*u - 6. What is the tens digit of y(n)?
1
What is the tens digit of (66/4)/(33/44)?
2
Let d(m) = -2*m**2 + 17*m - 12. What is the units digit of d(7)?
9
Let q = -1 + 5. Let g = -2 + q. What is the units digit of (6/7)/(g/14)?
6
Let p = -7 + 4. Let n = p - -18. What is the units digit of n?
5
Let q = -4 - -6. Suppose q*c = -3*c + 180. Suppose 0*w = -3*w + c. What is the tens digit of w?
1
Let n be ((-23)/4)/(2/(-8)). Suppose -x + 3 + n = 3*g, g - 3*x - 12 = 0. Let q = g - 3. What is the units digit of q?
6
Suppose 2*n + 129 - 361 = 0. What is the hundreds digit of n?
1
Let p(z) = z**3 - 10*z**2 + 8*z + 3. Let r be p(9). Let i be 2/(-4)*36/r. Suppose -4*b - 55 = -i*q, -3*q - 5*b + 52 = 6. What is the tens digit of q?
1
Suppose -3*y + 5*y + 5*k + 1 = 0, 22 = y - 5*k. What is the units digit of y?
7
Suppose -